value of 7 - (9 - (-3 - 1))?
-6
What is 5 - (6 + 3 + -4) - -3?
3
Evaluate -6 - 1 - (-5 - (-7 - -5)).
-4
What is the value of 0 + 1 + -4 + 4?
1
(7 - (2 - -1)) + -13 + 4
-5
(0 - 3) + (-116 - -110)
-9
Evaluate (-11 + 3 - -2) + 3 + 3.
0
-4 + 1 + (6 - 4)
-1
-50 + 53 + (-12 - -2)
-7
(-2 - (1 - 5)) + -1 + -4
-3
Evaluate -3 + -1 - (-4 - 0).
0
Calculate -5 + 1 + 0 + 12 + -6.
2
Evaluate 8 + (-3 - -7) + -7.
5
Calculate 8 + (5 - -7) + -5 + -7.
8
7 - -5 - (-16 + 26)
2
What is -1 + 3 + -6 + 1?
-3
Evaluate -9 + 3 + (12 - -3) + -3.
6
Calculate (-1 - 1) + 4 - (-3 - -8).
-3
1 + (-3 - 2) + 4
0
Calculate 3 + -5 + -1 + -1 + 3.
-1
What is 5 + (-6 - -1 - -2) + 2?
4
-2 + 2 + (0 - (1 + -3))
2
-12 - -15 - (0 - (0 + -5))
-2
Calculate -2 + (-2 - (-3 - (4 - 7))).
-4
What is the value of 9 - (-2 + 11 - 5)?
5
(2 - (-6 + 0)) + -6 + 6
8
Calculate -2 + -1 + 8 + -17 + 5.
-7
Calculate -5 + 10 + -3 + -4.
-2
Evaluate (-5 - -4 - 3) + 4 + -2.
-2
Calculate -3 + -2 + 2 - -4 - 3.
-2
What is the value of 4 + (-4 - 0) + 4 + 0?
4
(-1 - 1) + -78 + 78
-2
What is the value of (-3 - -9) + -12 - -8?
2
What is (-14 - -21 - (12 + 0)) + -1?
-6
Calculate -5 + (-3 + 0 - -3).
-5
(1 - (3 + (-2 - -2))) + -2
-4
Calculate 2 + 0 - 0 - (7 + -2).
-3
-2 - (-9 + -9 - -8)
8
Calculate 0 - (-2 + 3) - (4 - 8).
3
0 - 1 - (-19 + (41 - 15))
-8
What is -37 + 36 + (8 - 2)?
5
Calculate 0 - (-1 + 0 + (-1 - -5)).
-3
Evaluate 5 + -8 + -1 + 5.
1
(-2 - -3) + -2 + (-8 - -5)
-4
Evaluate 6 - 1 - (3 + 7 + -10).
5
Evaluate (3 - (-1 + -10)) + -9 + 2.
7
What is the value of 5 + (-5 + 2 - -6) + 1?
9
4 - (3 + -3 + 0)
4
Calculate (-3 + 0 - 2) + 8.
3
What is -8 + (10 + -6 - (3 - 2))?
-5
What is (-19 + 13 - (-1 - 8)) + -9?
-6
What is (4 - 6) + 0 + 4?
2
Evaluate -13 + (3 - -8) + -4.
-6
What is the value of -1 + (10 - (9 + -4)) + -8?
-4
-3 + (4 - (1 - 0)) - -1
1
What is the value of (-2 - (-4 + 1 + 0)) + -3?
-2
Evaluate -2 + 2 - (4 + -8) - -1.
5
What is (-1 - 9) + 11 - -2?
3
What is the value of 0 - (0 + -4) - 2?
2
What is (-17 - -5) + 7 + 0 + -2?
-7
-2 + -3 + 18 + -11
2
Calculate (-3 - (1 + 2 + -1)) + 1.
-4
What is the value of -11 - (-17 - -12) - -10?
4
Calculate -2 + 5 + (-10 - -5) + 3.
1
What is -6 + (-8 - (1 + -9))?
-6
Evaluate -2 + 1 + -1 - (3 + 1).
-6
What is 16 + -12 - (-2 + -1 + 11)?
-4
4 - (-5 + 2 + -5 + 5)
7
Evaluate -1 - (-9 - 4) - 7.
5
What is the value of -14 + (9 - (-4 - -2))?
-3
What is the value of -4 + 6 + -1 + (-2 - 1)?
-2
Evaluate -7 - (3 - (1 + 6 - 6)).
-9
-1 - (-3 - (-3 + 1))
0
What is -2 + 7 + (-2 - -2)?
5
What is the value of (5 - 11) + 4 - (-1 - -2)?
-3
Evaluate 3 + (16 - 18) + (-4 - -1).
-2
Evaluate 4 - (-5 + 3) - (4 + -3).
5
What is -7 + 3 - (14 + -9 + -8)?
-1
What is 1 - (-2 - (8 + -4 + 0))?
7
What is -3 - (6 + -1 + 1)?
-9
Evaluate -6 - (-12 + 4) - -6.
8
What is the value of (5 - 4 - 8) + 1?
-6
Evaluate 3 + (-5 - 5) + 0 - -1.
-6
Evaluate 227 + -231 - (-1 - (-1 - -10)).
6
-2 - 1 - (6 - 4 - 3)
-2
Calculate -1 - (3 + -1 + 1) - -2.
-2
Calculate -14 + (11 - 0) + 2.
-1
What is the value of 1 + -2 - (-4 + (7 - 2))?
-2
-6 + 6 + 3 - (5 + -1)
-1
What is the value of (-10 - -3) + -9 + 28 + -9?
3
Evaluate 6 + -1 + (2 - 2).
5
What is the value of -1 + -1 + 4 + -3 - 4?
-5
Calculate 3 + -9 + (-1 - (5 - 6)).
-6
4 + (-9 - (-12 + 4 + 3))
0
Calculate 20 - 16 - (1 + 6).
-3
Calculate 6 - (-3 + -4 + 3 + 5).
5
3 + (-7 - 2) + 7
1
What is the value of 4 + -2 + -5 - 3?
-6
What is the value of 2 - 1 - (43 + -44) - -5?
7
What is the value of (0 - -3 - 5) + 2?
0
Calculate (-3 - (2 + -4)) + 1.
0
11 - (-3 + (6 - -4))
4
What is the value of -5 - (2 - 1 - -2 - 4)?
-4
What is 16 + -20 + 2 + 0 + 2?
0
6 + -5 + 1 + 10 + -17
-5
Evaluate -7 - -3 - -2 - 0.
-2
What is the value of -8 - (-22 + (8 - -5))?
1
3 + (5 - 4) - -4 - 4
4
What is (3 - -4 - -2) + -5?
4
What is the value of (0 + -1 - -3) + (2 - 1)?
3
What is -8 + (18 - 8) - -1?
3
What is 3 + -11 + (4 - -1)?
-3
-6 + 3 + -1 + 3
-1
What is the value of -11 + 11 + (-3 - (0 + 1))?
-4
What is 9 + (-24 - -6) - -1?
-8
Evaluate (3 - 3) + -1 - (-3 - 1).
3
Evaluate -7 - (-6 - (-7 - -7)).
-1
Calculate -3 - ((0 + 2 - 2) + -1).
-2
What is the value of -2 + (-1 - -2) + 2?
1
What is the value of (-11 - -14 - (1 - 0)) + 0?
2
-11 - (-1 + -4 + 0) - -4
-2
1 + (0 - -1) + 0
2
Evaluate (-1 + 3 - (2 + -3)) + 1.
4
Calculate -6 - (6 - 21 - -3) - 1.
5
-1 + 5 + 64 + -64
4
-8 + (0 - 0) + 3
-5
What is the value of -81 + 73 + 1 + 18?
11
What is the value of (10 - 0) + -1 + -3?
6
Calculate -11 + 17 + -3 + 0.
3
What is the value of 1 + 5 + -2 - 7?
-3
What is the value of 12 - (1 + 2 + 5)?
4
What is 24 - 23 - (-2 + 7)?
-4
Calculate -2 + (-2 + (6 - 11) - -2).
-7
Evaluate 0 + (-1 - -4 - 4 - -4).
3
What is (0 - 2) + 3 - -2?
3
0 - -1 - ((-6 - -9) + 1)
-3
6 + -1 + (2 + 2 - 1)
8
What is (28 - 13) + -8 + -4?
3
What is the value of -12 + 12 - (-7 - 1)?
8
4 + (6 - 4) + (-2 - 2)
2
What is the value of 1 + (6 - 5) + 4?
6
-7 - (2 + -4 + -7)
2
What is 4 - (-1 - (-12 + 4))?
-3
What is the value of -4 - (0 + 3 + -4)?
-3
-6 - (7 - (2 - (-5 + 3)))
-9
Calculate (10 - (12 + -8)) + -1 + 0.
5
What is 0 + (2 + 1 - 6)?
-3
Calculate (3 - -4) + -17 + 6 + -1.
-5
Calculate -2 + (-4 - -6 - -7).
7
What is the value of -11 + 7 + -2 + 11?
5
-1 - -2 - (16 - 8)
-7
Evaluate (-1 - 3) + 3 + (2 - 8).
-7
Calculate 0 + (-6 - -2) + 6.
2
Calculate 4 - (-2 - (2 + -2)).
6
What is the value of -1 + -1 - (11 + (-9 - -3))?
-7
-9 + (-4 - (-13 - -2))
-2
What is the value of (-4 - -3 - -4) + -2 + 2?
3
What is 3 + (-5 - 2 - (-18 + 16))?
-2
Evaluate (9 - (-2 + 6)) + -5 + 1.
1
Evaluate (-1 - (-3 + 6)) + 12.
8
-4 + 3 + (-4 - -1 - 1)
-5
What is 0 + 0 + (42 - 47)?
-5
Calculate -3 + (-6 - -3 - -2) + 7.
3
Calculate 5 - (-7 - (1 + -12 + -7)).
-6
What is the value of (3 - 1) + (3 - 1 - 3)?
1
Evaluate 11 - 8 - (1 - (6 + 2)).
10
What is -4 + 3 + 1 - (8 + -8)?
0
What is the value of 4 + 0 + (-7 - (-9 - -5))?
1
Calculate -8 - (0 + 4) - -7.
-5
Evaluate 8 + (-1 - (8 + -6)).
5
What is -5 - (1 + 3 + 3 + -11)?
-1
Calculate (-1 - (-2 + -8)) + -3.
6
(25 - 31) + 0 + 8
2
Calculate 1 - ((-7 - 1) + 8).
1
(11 - (11 + -1)) + 4
5
Calculate (-2 - -3) + 8 + (-5 - -1).
5
Evaluate -27 - -12 - (0 + -2) - -5.
-8
Calculate (2 - (-2 - -3)) + (5 - 2).
4
Evaluate 27 + -19 - (-2 + 13 - 3).
0
What is -8 + 1 + -2 + 4?
-5
Evaluate 0 + 6 + -1 + 0.
5
Calculate (-13 - (-5 + -11)) + 3.
6
Evaluate (-4 - 0) + (53 - 54).
-5
-67 + 70 - (10 + -1)
-6
What is the value of 7 + -3 + 3 + -4 + 0?
3
What is the value of 4 + -1 + -6 + 0 + 7?
4
What is the value of -12 - -1 - (-11 - 3)?
3
What is the value of 0 + 2 + (45 - 51)?
-4
16 + -21 - (-7 - (1 - 4))
-1
What is the value of 0 - (2 - 5) - 3?
0
Calculate -9 - -5 - -9 - (-4 - -4).
5
0 - (-1 - (6 + -3))
4
What is 2 + 6 - (-4 - -7)?
5
(12 - 16 - 2) + 1 + 1
-4
Evaluate -12 + 5 - -5 - -3 - -4.
5
1 + 6 + (-6 - -1)
2
What is the value of 9 + 14 + -15 + (1 - 4)?
5
Calculate 0 - (1 + -4 + -2).
5
1 - (0 + 7 + -3)
-3
Evaluate (-7 - -6 - 5) + (-5 - -18).
7
What is the value of -7 - (-7 + (4 - (6 - 3)))?
-1
What is 1 - 0 - (11 - 7)?
-3
Calculate -1 + 3 + (6 - 4) - 5.
-1
Evaluate (0 - 2) + -1 + 8.
5
Evaluate 0 + (-1 - -3) - (18 + -20).
4
Evaluate -9 + (2 - (-5 - -3)).
-5
What is 1 + -3 + -8 + 9 + -4?
-5
What is -10 - -11 - 20 - -10?
-9
Evaluate (-4 - (-3 - (0 - 0))) + 6.
5
What is the value of -6 + 0 + 22 + -18?
-2
What is -3 + -1 + 8 - 1?
3
What is the value of -2 + 10 - 2 - (-2 + 1)?
7
What is the value of -4 - (-4 - 2 - -4)?
-2
Evaluate 2 + -1 + (3 - -1).
5
What is the value of -190 + 192 - (-3 + -1)?
6
Evaluate -2 + 1 + (-10 - (0 + -6)).
-5
Evaluate -2 + 6 - 3 - 3.
-2
What is the value of (1 - 0) + (0 - -1) + 1?
3
What is -6 - (3 + -3 + -1) - -12?
7
Calculate (10 - 15) + 2 + 7.
4
What is the value of -2 - (-4 + 1 + -2 - -4)?
-1
Evaluate 9 + -14 + 5 - 5.
-5
What is (2 + (-5 - -9) - 4) + -3?
-1
Calculate 5 + 4 - 4 - (1 - -4).
0
What is the value of (1 - -3 - 0 - 2) + -8?
-6
What is the value of -1 - 5 - (-4 - 4 - 4)?
6
What is (1 - (4 + -5)) + 1 + -5?
-2
What is 4 + -5 + -8 - -3?
-6
Calculate 9 + (-4 - (9 - 7)).
3
What is the value of (1 + 3 - 2) + -5 - -2?
-1
What is the value of (6 - 2 - 7) + (0 - -5)?
2
What is (-3 - -9) + (-4 - 1)?
1
Calculate 3 - (2 - -5) - -8.
4
Calculate 2 + 2 - (-10 - -10).
4
What is 12 + (1 - 2 - (-2 + 5))?
8
What is -2 + (-9 + 9 - (-6 + 2))?
2
What is the value 